ds digit of s?
6
Let b = -31 - -34. Suppose 0 = 5*a + 3*g - 390, -b*a + 3*g + 210 = -0*a. What is the units digit of a?
5
Suppose 74 = -6*n + 728. Suppose -166 - n = -5*r. What is the tens digit of r?
5
Suppose 4*l = -3*j + 2017, j - 4*j = -5*l - 1981. What is the hundreds digit of j?
6
Suppose 89*c = 83*c + 11358. What is the thousands digit of c?
1
Let l = 6 + -4. Let c be 1008/40 + l/(-10). Suppose -v - 25 = -2*v + u, -v + c = u. What is the units digit of v?
5
Let y(k) = k**3 + 7*k**2 + 11*k - 7. Let z be y(-7). Let m = -67 - z. What is the tens digit of m?
1
What is the thousands digit of 4/(-12)*1 + (-140355)/(-27)?
5
Let a(s) be the first derivative of s**6/360 + 11*s**5/120 + 5*s**4/8 - s**3 - 5. Let w(r) be the third derivative of a(r). What is the units digit of w(-12)?
7
Let w(n) = 3*n + 40 - 10*n + 9*n. What is the units digit of w(9)?
8
Let h be 1 - (5 - 2)*-1. Suppose n = 4*w - 25, -3*w + 3*n + 17 = h*n. Suppose 4*d - 49 = b, 3*b - w*b = -4*d + 59. What is the tens digit of d?
1
Let c = -81 - -89. Suppose 3*f = -k + 2*k - 21, 3*k = 0. Let i = c + f. What is the units digit of i?
1
Suppose -306 = -4*y - 50. Suppose 41 = 5*z - y. What is the units digit of z?
1
Suppose -53*k + 18207 + 4636 = 0. What is the units digit of k?
1
Suppose q + 2*c - 394 = 5, 5*q = c + 2039. What is the units digit of q?
7
Let w = 1821 - 912. Let g be w/(-12) - (-3)/(-12). Let p = -37 - g. What is the units digit of p?
9
Let g = 9261 + -3974. What is the units digit of g?
7
Suppose -4*a + 396 = -5*k, 2*a - 167 = 2*k + 31. Suppose 0 = 4*p - 7*p - g + 65, -5*p - 4*g + a = 0. What is the tens digit of p?
2
Suppose 31*a = 39*a - 16432. What is the units digit of a?
4
Let y(u) = -13*u - 32. Let d be -4*45/20*2. What is the hundreds digit of y(d)?
2
Let w(q) = 5*q**2 - 12*q - 6. What is the tens digit of w(6)?
0
Let b(z) = 8*z**2 + 8*z + 3. Let h be b(-5). Suppose 0 = -u + 5, -h = -q - 2*u + 3*u. What is the units digit of q?
8
Suppose z + 49 = 3*j - 302, -469 = -4*j + z. Suppose 4*l - 90 - j = -4*f, -l + 4*f = -37. What is the units digit of l?
9
Suppose -w = 4*w. Suppose -v + 17 = -w*v. Suppose -v*y + 32 = -13*y. What is the units digit of y?
8
Let f(y) = -241*y - 517. What is the thousands digit of f(-22)?
4
Suppose -29 = -3*l + 5*u, 0 = -l - 3*u - 0*u + 5. Suppose 4*z + l*f = 3*f + 132, 4*f = 16. What is the units digit of z?
8
Let y = -6 - -6. Let a be y*(-3 + (-21)/(-6)). Suppose a = -4*u + o + 9, -21 = -3*u - 2*u - 2*o. What is the units digit of u?
3
Suppose -3290 = -5*b - 4*q, 0 = -2*b - 0*b + 5*q + 1349. What is the hundreds digit of b?
6
Suppose -3*k + 1004 = 5*d, 0 = -5*k - 26*d + 31*d + 1740. What is the tens digit of k?
4
Suppose 0 = 3*x - 68 - 94. Suppose 7*f = f + x. Let g(k) = 2*k - 6. What is the units digit of g(f)?
2
Suppose 3*v = 2*n + 3967, 1324 = 13*v - 12*v - n. What is the tens digit of v?
1
What is the units digit of 7 - (-11)/((-22)/(-1932))?
3
Suppose 5*v - 4*v - 5 = 0, g = 4*v + 95. What is the units digit of g?
5
Let c = 1 + 0. Suppose 0 = 4*o - 84 + 12. Suppose -z + c + o = 0. What is the tens digit of z?
1
Suppose -4*o + 2*m = 170, -3*o + 2*m = -2*o + 50. Let a = o + 76. Suppose -f = 2*v - a, 7*v = 3*v + 5*f + 58. What is the units digit of v?
7
Suppose -6 = 4*g + 2, 2*g + 3 = s. What is the tens digit of (-135 + -1)*1/s?
3
Let z(x) = -2*x - 1. Let i be z(10). Let h = i + 62. What is the units digit of h?
1
Suppose 4*q - 7867 = -3*u, -5*u = -2*q + 2058 - 15135. What is the units digit of u?
7
Suppose h = -5*q + 17, 4*h - 6*q = -3*q - 1. Let b(n) = 29*n**2 - 5*n + 5. What is the hundreds digit of b(h)?
1
Let a(g) = 6*g + 4. Let s = -65 - -76. What is the tens digit of a(s)?
7
Let s = 123 - 188. Suppose -g = 7 + 28. Let j = g - s. What is the tens digit of j?
3
Let f be 6/(-15)*-1*50. Let u = 27 - f. Suppose u*i - 222 = i. What is the tens digit of i?
3
Suppose -4*u = 2*v + 238, -5*v - 4*u - 576 - 19 = 0. What is the tens digit of (-6)/9 - v/3?
3
Suppose 5*t + v - 2*v + 6 = 0, t = -v. Let p be 1/(t*(-4)/(-20)). What is the units digit of 1*17 + (-8 - p)?
4
Suppose 0 = -4*y + 55*y - 34629. What is the tens digit of y?
7
Let w be (-4 - -4 - 0)*-1. Suppose w = a + 4*a + 260. What is the units digit of 2 - 1 - a/1?
3
What is the hundreds digit of 90/((-12)/520*-5)?
7
Suppose -2*g + 5*q + 88 = 2*g, -q = -4. What is the tens digit of (-88)/33*g/(-2)?
3
Let n be (-223)/(-2) - -4*(-3)/(-24). Suppose -4*b - n = -6*b. What is the units digit of b?
6
Let k(r) = -r**2 + 17*r - 13. Let v be k(16). Suppose 9 = 3*x - 3*g, -v*g + 1 = 10. Suppose -2*p - 10 = 0, x*q - q = -p - 24. What is the tens digit of q?
1
Let p = -38 + 71. What is the hundreds digit of (3768/p - -1) + 4/(-22)?
1
Suppose 4*b - 5*s - 299 = b, -b - 3*s = -95. Suppose 0 = -o + 3*j + 180, -5*o - 3*j - b = -908. Suppose -l = 4*l - o. What is the tens digit of l?
3
Suppose 55*z - 6502 = 53*z + 2*b, 5 = 5*b. What is the units digit of z?
2
Let l(y) = -2*y**2 - 2*y - 28. Let o be l(9). What is the tens digit of (2/(-4))/(2/o)?
5
Suppose -2*h = -0*h - 8. Suppose u + 14 = 3*r + 2*u, -h*u = -2*r. Suppose -d + 36 = r. What is the tens digit of d?
3
Let n(v) = 2*v**2 - 5*v - v**2 - 2*v**2. Let l be n(-5). Suppose q - 2*f - 30 = l, -f = -3*q - 2*f + 55. What is the tens digit of q?
2
Let p(o) = o**3 - 8*o**2 + 2*o - 16. Let h be p(8). Suppose x + 44 = z, h*z - z = x - 54. What is the tens digit of z?
4
Let m(f) = 4*f. Let z(i) = i. Let y(p) = m(p) - 8*z(p). Let t be y(-2). Suppose -t*a + 4*a = -16. What is the units digit of a?
4
Let q = 45 + -18. Let m = q + -27. Suppose m = -2*z + z + 20. What is the units digit of z?
0
Let y = -552 + 355. Let q = y - -303. What is the tens digit of q?
0
Suppose c = -o + 2*c - 3, -o + 27 = 5*c. Let m(p) = -8*p**2 + 4. Let w be m(o). Let x = -10 - w. What is the units digit of x?
8
What is the hundreds digit of ((-3)/(-2 + -1))/(2/1454)?
7
Let o(y) = -y**2 - 2*y + 8. Let d be o(7). Let m be d/(-20) - (-1)/4. Suppose k = 2*p + 16, -k - 73 = -6*k + m*p. What is the units digit of k?
4
Suppose 47*x - 118662 = -23393. What is the hundreds digit of x?
0
Let l(u) = 2*u**2 + 2*u**2 + 0*u - 3 + u**3 + u + 0*u**3. Let f be l(-3). Suppose 0*g - 126 = -f*g. What is the units digit of g?
2
Let c(g) = -2*g**2 - 8*g + 12. Let y be c(-5). Suppose 5*f = -y*i + 2*f + 68, 5*i + 3*f = 188. What is the units digit of i?
0
Let g(y) = -2063*y - 136. What is the units digit of g(-3)?
3
Let h be (-750)/(25/(-5)) - -3. What is the units digit of h/6 - (-1)/(-2)?
5
Let p(i) = -3*i + 14. Let g be p(10). Let v = 56 - g. Suppose 12 = 4*k - v. What is the units digit of k?
1
Suppose 13*o - 18*o = -20. Let s be (3/(-3) - 0)*o. What is the tens digit of (6/4)/(s/(-96))?
3
Suppose w + 5 - 33 = 0. Let m(l) = 13*l - 62. Let d be m(5). Suppose 4*p - 9 = 4*o - 49, 0 = -d*o + p + w. What is the units digit of o?
9
Let k = -18 + 17. Let m be (0 - k) + -13 - -2. Let j = m + 29. What is the tens digit of j?
1
Let a(z) be the first derivative of z**3/3 + z**2/2 + 14*z - 8. What is the units digit of a(-7)?
6
Let s(r) = 2 - 1 + 2 + 2*r**2 - 8*r. Let u be s(6). Suppose -u = -4*w + 33. What is the tens digit of w?
1
Suppose 4*z = 3305 - 425. What is the tens digit of z?
2
Let x(z) = 4*z - 5. Let u be x(2). Let o be 0 - 3 - (-1 + u). Let s(b) = -9*b - 12. What is the units digit of s(o)?
3
Let x(f) be the second derivative of 7*f - 1/12*f**4 - f**2 + 4/3*f**3 + 0. What is the units digit of x(4)?
4
Suppose -a - 15 = -6*a, -5*a + 975 = 4*b. Let f = b - 161. What is the tens digit of f?
7
Let f = 47 - 84. Suppose 0 = -4*a + u + 280, 2*a + u = 2*u + 138. Let n = a + f. What is the tens digit of n?
3
Let n be (-88)/(-14) + (-14)/49. Let t = n - -18. What is the units digit of (-8)/t - (-136)/3?
5
Suppose 2*r + b - 14 = -3*b, b = 4*r - 19. What is the tens digit of 2 + (r*-15)/(-5)?
1
Let j be (-1 - 5)*3/(-9). What is the hundreds digit of 17340/136 + (0 - 1/j)?
1
Suppose -2 = 2*x, v + 5*x - 175 = -4*v. Let r = 41 - v. Suppose r*i - 201 = 149. What is the tens digit of i?
7
Suppose 3*t + 27 = 3. Let y(q) = q**3 + 9*q**2 + 7*q - 5. What is the units digit of y(t)?
3
Suppose -2*t + 78 = -336. What is the tens digit of t?
0
Let r = 11409 - 6679. What is the tens digit of r?
3
Let w be 175/14 - (-3)/2. Let